{"id":2,"date":"2016-05-10T03:48:21","date_gmt":"2016-05-10T03:48:21","guid":{"rendered":"http:\/\/www.nazarkaporta.com.tr\/?page_id=2"},"modified":"2016-05-10T03:48:21","modified_gmt":"2016-05-10T03:48:21","slug":"sample-page","status":"publish","type":"page","link":"https:\/\/www.nazarkaporta.com.tr\/?page_id=2","title":{"rendered":"Sample Page"},"content":{"rendered":"<p>Bu bir \u00f6rnek sayfad\u0131r. Bir blog yaz\u0131s\u0131ndan farkl\u0131d\u0131r \u00e7\u00fcnk\u00fc tek bir yerde kal\u0131r ve sitenizin gezinme men\u00fcs\u00fcnde (\u00e7o\u011fu temada) g\u00f6r\u00fcn\u00fcr. \u00c7o\u011fu ki\u015fi, potansiyel site ziyaret\u00e7ileriyle tan\u0131\u015fmak i\u00e7in bir &#8220;Hakk\u0131mda&#8221; sayfas\u0131yla ba\u015flar. Sayfada \u015f\u00f6yle bir \u015fey yazabilir:<\/p>\n<blockquote><p>Merhaba! G\u00fcnd\u00fczleri bisikletli kurye, geceleri ise hevesli bir oyuncuyum ve bu da benim web sitem. Los Angeles&#8217;ta ya\u015f\u0131yorum, Jack ad\u0131nda harika bir k\u00f6pe\u011fim var ve pi\u00f1a colada i\u00e7meyi seviyorum. (Ve ya\u011fmura yakalanmay\u0131.)<\/p><\/blockquote>\n<p>&#8230;veya buna benzer bir \u015fey:<\/p>\n<blockquote><p>XYZ Doohickey \u015eirketi 1971 y\u0131l\u0131nda kuruldu ve o zamandan beri halka kaliteli doohickey&#8217;ler sunuyor. Gotham City&#8217;de bulunan XYZ, 2.000&#8217;den fazla ki\u015fiyi istihdam ediyor ve Gotham toplulu\u011fu i\u00e7in her t\u00fcrl\u00fc harika \u015feyi yap\u0131yor.<\/p>\n<p>Yeni bir WordPress kullan\u0131c\u0131s\u0131 olarak, bu sayfay\u0131 silmek ve i\u00e7eri\u011finiz i\u00e7in yeni sayfalar olu\u015fturmak \u00fczere <a href=\"https:\/\/www.nazarkaporta.com.tr\/wp-admin\/\">panelinize<\/a> gitmelisiniz. \u0130yi e\u011flenceler!<\/p>\n","protected":false},"excerpt":{"rendered":"<p>Bu bir \u00f6rnek sayfad\u0131r. Bir blog yaz\u0131s\u0131ndan farkl\u0131d\u0131r \u00e7\u00fcnk\u00fc tek bir yerde kal\u0131r ve sitenizin gezinme men\u00fcs\u00fcnde (\u00e7o\u011fu temada) g\u00f6r\u00fcn\u00fcr. \u00c7o\u011fu ki\u015fi, potansiyel site ziyaret\u00e7ileriyle tan\u0131\u015fmak i\u00e7in bir &#8220;Hakk\u0131mda&#8221; sayfas\u0131yla ba\u015flar. Sayfada \u015f\u00f6yle bir \u015fey yazabilir: Merhaba! G\u00fcnd\u00fczleri bisikletli kurye, geceleri ise hevesli bir oyuncuyum ve bu da benim web sitem. Los Angeles&#8217;ta ya\u015f\u0131yorum, Jack [&hellip;]<\/p>\n","protected":false},"author":1,"featured_media":0,"parent":0,"menu_order":0,"comment_status":"closed","ping_status":"open","template":"","meta":{"_uag_custom_page_level_css":"","_themeisle_gutenberg_block_has_review":false,"footnotes":""},"class_list":["post-2","page","type-page","status-publish","hentry"],"uagb_featured_image_src":{"full":false,"thumbnail":false,"medium":false,"medium_large":false,"large":false,"1536x1536":false,"2048x2048":false},"uagb_author_info":{"display_name":"admin_njy5mg9y","author_link":"https:\/\/www.nazarkaporta.com.tr\/?author=1"},"uagb_comment_info":0,"uagb_excerpt":"Bu bir \u00f6rnek sayfad\u0131r. Bir blog yaz\u0131s\u0131ndan farkl\u0131d\u0131r \u00e7\u00fcnk\u00fc tek bir yerde kal\u0131r ve sitenizin gezinme men\u00fcs\u00fcnde (\u00e7o\u011fu temada) g\u00f6r\u00fcn\u00fcr. \u00c7o\u011fu ki\u015fi, potansiyel site ziyaret\u00e7ileriyle tan\u0131\u015fmak i\u00e7in bir &#8220;Hakk\u0131mda&#8221; sayfas\u0131yla ba\u015flar. Sayfada \u015f\u00f6yle bir \u015fey yazabilir: Merhaba! G\u00fcnd\u00fczleri bisikletli kurye, geceleri ise hevesli bir oyuncuyum ve bu da benim web sitem. Los Angeles&#8217;ta ya\u015f\u0131yorum, Jack&hellip;","_links":{"self":[{"href":"https:\/\/www.nazarkaporta.com.tr\/index.php?rest_route=\/wp\/v2\/pages\/2","targetHints":{"allow":["GET"]}}],"collection":[{"href":"https:\/\/www.nazarkaporta.com.tr\/index.php?rest_route=\/wp\/v2\/pages"}],"about":[{"href":"https:\/\/www.nazarkaporta.com.tr\/index.php?rest_route=\/wp\/v2\/types\/page"}],"author":[{"embeddable":true,"href":"https:\/\/www.nazarkaporta.com.tr\/index.php?rest_route=\/wp\/v2\/users\/1"}],"replies":[{"embeddable":true,"href":"https:\/\/www.nazarkaporta.com.tr\/index.php?rest_route=%2Fwp%2Fv2%2Fcomments&post=2"}],"version-history":[{"count":0,"href":"https:\/\/www.nazarkaporta.com.tr\/index.php?rest_route=\/wp\/v2\/pages\/2\/revisions"}],"wp:attachment":[{"href":"https:\/\/www.nazarkaporta.com.tr\/index.php?rest_route=%2Fwp%2Fv2%2Fmedia&parent=2"}],"curies":[{"name":"wp","href":"https:\/\/api.w.org\/{rel}","templated":true}]}}